hen 285 is divided by 36?
33
Calculate the remainder when 168 is divided by 59.
50
Calculate the remainder when 411 is divided by 107.
90
Calculate the remainder when 911 is divided by 57.
56
What is the remainder when 1170 is divided by 60?
30
Calculate the remainder when 167 is divided by 83.
1
Calculate the remainder when 1005 is divided by 190.
55
Calculate the remainder when 26 is divided by 10.
6
Calculate the remainder when 483 is divided by 8.
3
What is the remainder when 704 is divided by 65?
54
What is the remainder when 60 is divided by 3?
0
Calculate the remainder when 418 is divided by 135.
13
What is the remainder when 101 is divided by 23?
9
What is the remainder when 480 is divided by 172?
136
What is the remainder when 114 is divided by 58?
56
Calculate the remainder when 256 is divided by 10.
6
Calculate the remainder when 141 is divided by 91.
50
Calculate the remainder when 160 is divided by 56.
48
Calculate the remainder when 239 is divided by 12.
11
Calculate the remainder when 8045 is divided by 2676.
17
What is the remainder when 1457 is divided by 206?
15
Calculate the remainder when 6509 is divided by 42.
41
What is the remainder when 47 is divided by 16?
15
What is the remainder when 189 is divided by 34?
19
Calculate the remainder when 12878 is divided by 38.
34
What is the remainder when 66698 is divided by 145?
143
What is the remainder when 327 is divided by 47?
45
What is the remainder when 1892 is divided by 238?
226
Calculate the remainder when 1679 is divided by 331.
24
What is the remainder when 178 is divided by 90?
88
What is the remainder when 1603 is divided by 177?
10
Calculate the remainder when 185 is divided by 40.
25
What is the remainder when 218 is divided by 106?
6
Calculate the remainder when 436 is divided by 74.
66
Calculate the remainder when 293 is divided by 50.
43
What is the remainder when 1181 is divided by 243?
209
Calculate the remainder when 134 is divided by 61.
12
Calculate the remainder when 43 is divided by 12.
7
What is the remainder when 378 is divided by 92?
10
What is the remainder when 127 is divided by 108?
19
What is the remainder when 9 is divided by 9?
0
Calculate the remainder when 135 is divided by 38.
21
Calculate the remainder when 2966 is divided by 135.
131
What is the remainder when 83 is divided by 12?
11
Calculate the remainder when 356 is divided by 50.
6
Calculate the remainder when 167 is divided by 21.
20
Calculate the remainder when 15916 is divided by 11.
10
Calculate the remainder when 853 is divided by 353.
147
What is the remainder when 132 is divided by 8?
4
Calculate the remainder when 795 is divided by 171.
111
What is the remainder when 2015 is divided by 6?
5
What is the remainder when 85 is divided by 13?
7
Calculate the remainder when 252 is divided by 64.
60
What is the remainder when 1413 is divided by 3?
0
What is the remainder when 310 is divided by 24?
22
Calculate the remainder when 8582 is divided by 232.
230
What is the remainder when 376 is divided by 42?
40
What is the remainder when 1496 is divided by 30?
26
Calculate the remainder when 33 is divided by 8.
1
Calculate the remainder when 430 is divided by 22.
12
What is the remainder when 28 is divided by 1?
0
Calculate the remainder when 18 is divided by 7.
4
What is the remainder when 1357 is divided by 451?
4
Calculate the remainder when 294 is divided by 11.
8
What is the remainder when 1331 is divided by 29?
26
Calculate the remainder when 490 is divided by 41.
39
What is the remainder when 1583 is divided by 385?
43
What is the remainder when 150 is divided by 145?
5
Calculate the remainder when 917 is divided by 443.
31
Calculate the remainder when 1646 is divided by 547.
5
What is the remainder when 1275 is divided by 20?
15
What is the remainder when 3476 is divided by 41?
32
What is the remainder when 613 is divided by 11?
8
Calculate the remainder when 560 is divided by 141.
137
Calculate the remainder when 147 is divided by 30.
27
Calculate the remainder when 324 is divided by 270.
54
What is the remainder when 373 is divided by 103?
64
Calculate the remainder when 200 is divided by 17.
13
Calculate the remainder when 259 is divided by 94.
71
Calculate the remainder when 122 is divided by 21.
17
What is the remainder when 24 is divided by 1?
0
Calculate the remainder when 341 is divided by 287.
54
What is the remainder when 418 is divided by 5?
3
What is the remainder when 284 is divided by 22?
20
What is the remainder when 3873 is divided by 34?
31
Calculate the remainder when 2119 is divided by 178.
161
What is the remainder when 1070 is divided by 504?
62
What is the remainder when 18258 is divided by 22?
20
What is the remainder when 330 is divided by 320?
10
What is the remainder when 96 is divided by 35?
26
Calculate the remainder when 396 is divided by 346.
50
What is the remainder when 403 is divided by 9?
7
What is the remainder when 378 is divided by 187?
4
Calculate the remainder when 23 is divided by 6.
5
What is the remainder when 298 is divided by 105?
88
What is the remainder when 134 is divided by 71?
63
What is the remainder when 94 is divided by 13?
3
Calculate the remainder when 1924 is divided by 636.
16
Calculate the remainder when 289 is divided by 76.
61
Calculate the remainder when 1297 is divided by 26.
23
What is the remainder when 368 is divided by 105?
53
Calculate the remainder when 272 is divided by 132.
8
Calculate the remainder when 310 is divided by 109.
92
Calculate the remainder when 303 is divided by 76.
75
What is the remainder when 117 is divided by 44?
29
What is the remainder when 905 is divided by 53?
4
What is the remainder when 107 is divided by 10?
7
Calculate the remainder when 297 is divided by 25.
22
What is the remainder when 109 is divided by 29?
22
What is the remainder when 1895 is divided by 46?
9
What is the remainder when 955 is divided by 81?
64
Calculate the remainder when 932 is divided by 11.
8
Calculate the remainder when 4486 is divided by 224.
6
What is the remainder when 927 is divided by 58?
57
Calculate the remainder when 463 is divided by 201.
61
Calculate the remainder when 315 is divided by 43.
14
What is the remainder when 42815 is divided by 47?
45
Calculate the remainder when 542 is divided by 226.
90
Calculate the remainder when 70 is divided by 25.
20
Calculate the remainder when 602 is divided by 67.
66
What is the remainder when 108 is divided by 15?
3
What is the remainder when 646 is divided by 36?
34
Calculate the remainder when 205 is divided by 32.
13
Calculate the remainder when 1790 is divided by 56.
54
What is the remainder when 122 is divided by 17?
3
Calculate the remainder when 1648 is divided by 329.
3
Calculate the remainder when 152 is divided by 14.
12
Calculate the remainder when 921 is divided by 74.
33
Calculate the remainder when 2622 is divided by 21.
18
What is the remainder when 982 is divided by 318?
28
What is the remainder when 77 is divided by 28?
21
Calculate the remainder when 488 is divided by 170.
148
What is the remainder when 217 is divided by 51?
13
Calculate the remainder when 102 is divided by 29.
15
Calculate the remainder when 5821 is divided by 142.
141
What is the remainder when 99 is divided by 27?
18
Calculate the remainder when 283 is divided by 90.
13
Calculate the remainder when 1346 is divided by 272.
258
What is the remainder when 127 is divided by 19?
13
Calculate the remainder when 2987 is divided by 51.
29
Calculate the remainder when 138 is divided by 32.
10
What is the remainder when 917 is divided by 912?
5
What is the remainder when 105 is divided by 100?
5
Calculate the remainder when 2310 is divided by 89.
85
What is the remainder when 244 is divided by 31?
27
What is the remainder when 369 is divided by 31?
28
Calculate the remainder when 4262 is divided by 203.
202
Calculate the remainder when 50 is divided by 29.
21
Calculate the remainder when 1158 is divided by 25.
8
What is the remainder when 171 is divided by 47?
30
Calculate the remainder when 199 is divided by 173.
26
Calculate the remainder when 317 is divided by 70.
37
What is the remainder when 10 is divided by 7?
3
Calculate the remainder when 198 is divided by 51.
45
What is the r